{"version":"1.0","provider_name":"Vacaciones en Vera","provider_url":"https:\/\/www.vacacionesenvera.com\/en","author_name":"Karina Verapar","author_url":"https:\/\/www.vacacionesenvera.com\/en\/author\/karina-verapar\/","title":"Apartamento Alaia - Vacaciones en Vera","type":"rich","width":600,"height":338,"html":"<blockquote class=\"wp-embedded-content\" data-secret=\"7axrEyXfYe\"><a href=\"https:\/\/www.vacacionesenvera.com\/en\/apartamento-alaia\/\">Apartamento Alaia<\/a><\/blockquote><iframe sandbox=\"allow-scripts\" security=\"restricted\" src=\"https:\/\/www.vacacionesenvera.com\/en\/apartamento-alaia\/embed\/#?secret=7axrEyXfYe\" width=\"600\" height=\"338\" title=\"&#8220;Apartamento Alaia&#8221; &#8212; Vacaciones en Vera\" data-secret=\"7axrEyXfYe\" frameborder=\"0\" marginwidth=\"0\" marginheight=\"0\" scrolling=\"no\" class=\"wp-embedded-content\"><\/iframe><script>\n\/*! This file is auto-generated *\/\n!function(d,l){\"use strict\";l.querySelector&&d.addEventListener&&\"undefined\"!=typeof URL&&(d.wp=d.wp||{},d.wp.receiveEmbedMessage||(d.wp.receiveEmbedMessage=function(e){var t=e.data;if((t||t.secret||t.message||t.value)&&!\/[^a-zA-Z0-9]\/.test(t.secret)){for(var s,r,n,a=l.querySelectorAll('iframe[data-secret=\"'+t.secret+'\"]'),o=l.querySelectorAll('blockquote[data-secret=\"'+t.secret+'\"]'),c=new RegExp(\"^https?:$\",\"i\"),i=0;i<o.length;i++)o[i].style.display=\"none\";for(i=0;i<a.length;i++)s=a[i],e.source===s.contentWindow&&(s.removeAttribute(\"style\"),\"height\"===t.message?(1e3<(r=parseInt(t.value,10))?r=1e3:~~r<200&&(r=200),s.height=r):\"link\"===t.message&&(r=new URL(s.getAttribute(\"src\")),n=new URL(t.value),c.test(n.protocol))&&n.host===r.host&&l.activeElement===s&&(d.top.location.href=t.value))}},d.addEventListener(\"message\",d.wp.receiveEmbedMessage,!1),l.addEventListener(\"DOMContentLoaded\",function(){for(var e,t,s=l.querySelectorAll(\"iframe.wp-embedded-content\"),r=0;r<s.length;r++)(t=(e=s[r]).getAttribute(\"data-secret\"))||(t=Math.random().toString(36).substring(2,12),e.src+=\"#?secret=\"+t,e.setAttribute(\"data-secret\",t)),e.contentWindow.postMessage({message:\"ready\",secret:t},\"*\")},!1)))}(window,document);\n\/\/# sourceURL=https:\/\/www.vacacionesenvera.com\/wp-includes\/js\/wp-embed.min.js\n<\/script>","description":"Apartamento Alaia Excelente apartamento con dos dormitorios. Cama de matrimonio de 1,50 m en la habitaci\u00f3n principal y dos camas de 90 cm en habitaci\u00f3n de invitados.Aire acondicionado en todas las habitaciones, un ba\u00f1o con ba\u00f1era redonda, cocina totalmente equipada con lavavajillas. Planta baja con un jard\u00edn maravilloso para disfrutar del sol durante todo el [&hellip;]","thumbnail_url":"https:\/\/www.vacacionesenvera.com\/wp-content\/uploads\/2025\/09\/WhatsApp-Image-2025-09-12-at-12.01.47.jpeg","thumbnail_width":2048,"thumbnail_height":1536}

Apartamento Alaia Excelente apartamento con dos dormitorios. Cama de matrimonio de 1,50 m en la habitación principal y dos camas de 90 cm en habitación de invitados.Aire acondicionado en todas las habitaciones, un baño con bañera redonda, cocina totalmente equipada con lavavajillas. Planta baja con un jardín maravilloso para disfrutar del sol durante todo el [&hellip;]
